{"id":2341,"date":"2019-10-28T15:04:12","date_gmt":"2019-10-28T15:04:12","guid":{"rendered":"http:\/\/aykacevre.com\/?page_id=2341"},"modified":"2019-10-28T15:04:16","modified_gmt":"2019-10-28T15:04:16","slug":"cevre-koruma-ekipmanlari","status":"publish","type":"page","link":"https:\/\/aykacevre.com\/index.php\/cevre-koruma-ekipmanlari\/","title":{"rendered":"\u00c7EVRE KORUMA EK\u0130PMANLARI"},"content":{"rendered":"\n<figure class=\"wp-block-image\"><img decoding=\"async\" src=\"https:\/\/www.maris.com.tr\/content\/maris-dokuntu-kitleri.jpg\" alt=\"Maris D\u00f6k\u00fcnt\u00fc Kitleri\"\/><figcaption>D\u00f6k\u00fcnt\u00fc KitleriYa\u011f ve Kimyasal D\u00f6k\u00fcnt\u00fcler \u0130\u00e7in<\/figcaption><\/figure>\n\n\n\n<figure class=\"wp-block-image\"><img decoding=\"async\" src=\"https:\/\/www.maris.com.tr\/content\/maris-emici-malzemeler.jpg\" alt=\"Maris Emici Malzemeler\"\/><figcaption>Emici MalzemelerYa\u011f ve Kimyasal Emici Ped, Rulo<\/figcaption><\/figure>\n\n\n\n<figure class=\"wp-block-image\"><img decoding=\"async\" src=\"https:\/\/www.maris.com.tr\/content\/maris-yag-siyiricilar.jpg\" alt=\"Maris Ya\u011f S\u0131y\u0131r\u0131c\u0131lar\"\/><figcaption>Ya\u011f S\u0131y\u0131r\u0131c\u0131larDeniz Kirlili\u011fine M\u00fcdahale \u0130\u00e7in<\/figcaption><\/figure>\n\n\n\n<figure class=\"wp-block-image\"><img decoding=\"async\" src=\"https:\/\/www.maris.com.tr\/content\/maris-dispersant-sprey-sistemleri.jpg\" alt=\"Maris Sprey Sistemler\"\/><figcaption>Sprey SistemlerDispersant Sprey Sistemleri<\/figcaption><\/figure>\n\n\n\n<figure class=\"wp-block-image\"><img decoding=\"async\" src=\"https:\/\/www.maris.com.tr\/content\/maris-dispersant.jpg\" alt=\"Maris Dispersant\"\/><figcaption>DispersantDeniz Y\u00fczeyi Temizli\u011fi<\/figcaption><\/figure>\n\n\n\n<figure class=\"wp-block-image\"><img decoding=\"async\" src=\"https:\/\/www.maris.com.tr\/content\/maris-deniz-bariyerleri.jpg\" alt=\"Maris Deniz Bariyerleri\"\/><figcaption>Deniz BariyerleriDeniz Kirlilikleri \u0130\u00e7in<\/figcaption><\/figure>\n\n\n\n<figure class=\"wp-block-image\"><img decoding=\"async\" src=\"https:\/\/www.maris.com.tr\/content\/maris-bariyer-tamburu.jpg\" alt=\"Maris Bariyer Tamburu\"\/><figcaption>Bariyer TamburuBariyer Depolama Sistemleri<\/figcaption><\/figure>\n\n\n\n<figure class=\"wp-block-image\"><img decoding=\"async\" src=\"https:\/\/www.maris.com.tr\/content\/maris-kirlilik-acil-mudahale.jpg\" alt=\"Maris Kirlilik Acil M\u00fcdahale\"\/><figcaption>Kirlilik Acil M\u00fcdahaleAcil M\u00fcdahale Konteyner\u0131<\/figcaption><\/figure>\n\n\n\n<figure class=\"wp-block-image\"><img decoding=\"async\" src=\"https:\/\/www.maris.com.tr\/content\/maris-depolama-tanklari.jpg\" alt=\"Maris Depolama Tanklar\u0131\"\/><figcaption>Depolama Tanklar\u0131S\u0131v\u0131 Depolama \u0130\u00e7in Kolay \u00c7\u00f6z\u00fcm<\/figcaption><\/figure>\n\n\n\n<figure class=\"wp-block-image\"><img decoding=\"async\" src=\"https:\/\/www.maris.com.tr\/content\/maris-pnomatik-usturmaca.jpg\" alt=\"Maris Pn\u00f6matik Usturma\u00e7a\"\/><figcaption>Pn\u00f6matik Usturma\u00e7aA\u011f\u0131r \u0130\u015fler \u0130\u00e7in Kolay \u00c7\u00f6z\u00fcmler<\/figcaption><\/figure>\n\n\n\n<figure class=\"wp-block-image\"><img decoding=\"async\" src=\"https:\/\/www.maris.com.tr\/content\/maris-guvenlik-ekipmanlari.jpg\" alt=\"Maris G\u00fcvenlik Ekipmanlar\u0131\"\/><figcaption>G\u00fcvenlik Ekipmanlar\u0131G\u00fcvenlik ve Ki\u015fisel Ekipmanlar<\/figcaption><\/figure>\n\n\n\n<figure class=\"wp-block-image\"><img decoding=\"async\" src=\"https:\/\/www.maris.com.tr\/content\/maris-pompalar.jpg\" alt=\"Maris Pompalar\"\/><figcaption>Pompalar\u00d6zel Niteliklere Sahip Pompalar<\/figcaption><\/figure>\n","protected":false},"excerpt":{"rendered":"D\u00f6k\u00fcnt\u00fc KitleriYa\u011f ve Kimyasal D\u00f6k\u00fcnt\u00fcler \u0130\u00e7in Emici MalzemelerYa\u011f ve Kimyasal Emici Ped, Rulo Ya\u011f S\u0131y\u0131r\u0131c\u0131larDeniz Kirlili\u011fine M\u00fcdahale \u0130\u00e7in Sprey SistemlerDispersant Sprey Sistemleri DispersantDeniz Y\u00fczeyi Temizli\u011fi Deniz BariyerleriDeniz Kirlilikleri \u0130\u00e7in Bariyer TamburuBariyer Depolama Sistemleri Kirlilik Acil M\u00fcdahaleAcil M\u00fcdahale Konteyner\u0131 Depolama Tanklar\u0131S\u0131v\u0131 Depolama \u0130\u00e7in Kolay \u00c7\u00f6z\u00fcm Pn\u00f6matik Usturma\u00e7aA\u011f\u0131r \u0130\u015fler \u0130\u00e7in Kolay \u00c7\u00f6z\u00fcmler G\u00fcvenlik Ekipmanlar\u0131G\u00fcvenlik ve Ki\u015fisel Ekipmanlar [...]","protected":false},"author":1,"featured_media":0,"parent":0,"menu_order":0,"comment_status":"closed","ping_status":"closed","template":"","meta":{"footnotes":""},"class_list":["post-2341","page","type-page","status-publish","hentry"],"_links":{"self":[{"href":"https:\/\/aykacevre.com\/index.php\/wp-json\/wp\/v2\/pages\/2341","targetHints":{"allow":["GET"]}}],"collection":[{"href":"https:\/\/aykacevre.com\/index.php\/wp-json\/wp\/v2\/pages"}],"about":[{"href":"https:\/\/aykacevre.com\/index.php\/wp-json\/wp\/v2\/types\/page"}],"author":[{"embeddable":true,"href":"https:\/\/aykacevre.com\/index.php\/wp-json\/wp\/v2\/users\/1"}],"replies":[{"embeddable":true,"href":"https:\/\/aykacevre.com\/index.php\/wp-json\/wp\/v2\/comments?post=2341"}],"version-history":[{"count":1,"href":"https:\/\/aykacevre.com\/index.php\/wp-json\/wp\/v2\/pages\/2341\/revisions"}],"predecessor-version":[{"id":2342,"href":"https:\/\/aykacevre.com\/index.php\/wp-json\/wp\/v2\/pages\/2341\/revisions\/2342"}],"wp:attachment":[{"href":"https:\/\/aykacevre.com\/index.php\/wp-json\/wp\/v2\/media?parent=2341"}],"curies":[{"name":"wp","href":"https:\/\/api.w.org\/{rel}","templated":true}]}}